 j is divided by 25?
0
Suppose c - 3*c - 2*i + 84 = 0, 2*c - 85 = -3*i. Let f(v) = -3*v**3 - 162*v**2 + 24. Calculate the remainder when c is divided by f(-54).
17
Let t(z) = 2*z**2 + 3*z - 11. Let b be t(2). Suppose -4*q - 2*c = -104, q - 3*q + b*c = -52. What is the remainder when 27 is divided by q?
1
Suppose 0 = 5*m - 40 - 10. Let j(d) = -3*d**2 - m*d + 20*d**3 - 2*d**2 - 34*d**3 - d**2 - 5. What is the remainder when j(-2) is divided by 28?
19
Let x(j) = 2*j**2 - 31*j - 20. Let k be x(18). Let s = -34 + k. Calculate the remainder when 78 is divided by s.
6
Let w = -5085 + 5106. What is the remainder when 644 is divided by w?
14
Suppose y + 2*y - 16*y = -1885. Calculate the remainder when 1735 is divided by y.
140
Let x(h) = -h**2 + 40*h + 491. Calculate the remainder when 4386 is divided by x(48).
106
Suppose 0 = -f - 133 + 153. Suppose 0 = -2*s - 18*h + f*h + 48, -51 = -2*s + 5*h. Let t = 148 + -83. Calculate the remainder when t is divided by s.
19
Let s(a) = -107*a + 127. What is the remainder when s(-6) is divided by 154?
153
Let n(r) = -3*r**2 + r + 43. Let y = -2 + 2. Suppose -3*q + 16 = 2*j, 3*q + 0*q + 14 = 4*j. Calculate the remainder when n(y) is divided by j.
3
Suppose -2*u - 4*m + 336 = 0, -3*u + 487 + 37 = 2*m. Calculate the remainder when u is divided by 28.
10
Let f(o) = 18*o + 701. Calculate the remainder when f(-23) is divided by 50.
37
Calculate the remainder when 689 is divided by -507*(342/(-54) + (5 - 0)).
13
Let j be 1/(-1) - (-4 + 65 + 2). Let y = j - -83. Suppose 3*o - 34 = -2*a + 106, -3*o + 5*a = -175. What is the remainder when o is divided by y?
12
Let g(k) = 14*k + 24. Let z(c) = 14*c + 23. Let s(p) = 4*g(p) - 3*z(p). Let x be s(-6). Let d = x - -72. What is the remainder when 40 is divided by d?
10
Let w = -8 + 12. Let t = 47356 + -47311. Calculate the remainder when t is divided by w.
1
Calculate the remainder when (-969)/6*(-20 + 19)*2 is divided by 5.
3
Suppose -41 - 3 = -2*x. Let k = -43067 - -43307. What is the remainder when k is divided by x?
20
Let f = 5164 + -5085. Calculate the remainder when 866 is divided by f.
76
Let v be 4 - (-1 + 1 + -1). Let h(z) = -2*z**3 - 20*z**2 - 16*z + 20. Let c be h(-9). Let o = v - c. Calculate the remainder when 8 is divided by o.
2
Let s(y) = 22*y**2 - 209*y - 1265. Calculate the remainder when s(-6) is divided by 202.
175
Let j = 121 - 240. Let h = -95 - j. What is the remainder when h is divided by 33/5 - (-4)/10?
3
Suppose -5*l = 2*x - 6 - 76, 0 = -4*x + l + 230. What is the remainder when 2351 is divided by x?
55
Suppose -2*w - 3*z + 332 = 0, 2 = 2*z + 6. Suppose n - 144 - 33 = -4*x, -4*x - 2*n = -178. Calculate the remainder when w is divided by x.
37
Let s = -19 + 42. Let i = -315 + 324. Suppose -i*m + 5*m = y - 165, -m = -5*y - 36. Calculate the remainder when m is divided by s.
18
Suppose -206 = -3*z + 5*h, 4*h - 103 = 5*z - 468. Suppose -104*c + 99710 = 26*c. What is the remainder when c is divided by z?
74
Let i = 930 - 184. Suppose -i = 25*z - 4221. What is the remainder when z is divided by 13?
9
Suppose 5*w = 5*c + 42580, 2*w + 3*c = 4419 + 12578. What is the remainder when w is divided by 19?
16
Suppose -1 - 53 = -y - 4*v, 4*y - 4*v = 136. What is the remainder when 120 is divided by y?
6
Let u(f) = -f**2 - 2*f + 72. Let c be u(0). Suppose 7*l = l + c. Suppose 11*v + 456 = 1369. What is the remainder when v is divided by l?
11
Let u = -60 - -70. Suppose 1136 + 2099 = 5*i - q, -5*i = -4*q - 3220. What is the remainder when i is divided by u?
8
Let m be 120/(-56) + 2/14. Let p be (-2 - 0)/m - 2. Calculate the remainder when 32 is divided by (18/p)/((-24)/12).
5
Let y = 469 + -470. What is the remainder when (y/(1/(-2)))/((-120)/(-1140)) is divided by 14?
5
Let l(o) = 272*o - 6209. Calculate the remainder when 466 is divided by l(23).
43
Let u(d) = -4*d - 17. Let i be u(-5). Suppose i*h - 64 = h. Suppose -h = -3*t - 5*t. What is the remainder when 26 is divided by t?
2
Suppose 5*i + 5*s - 100 = 0, -2*i + 4*s = -145 + 93. What is the remainder when 1425 is divided by i?
17
Suppose 0 = -45*v + 348*v - 24846. Calculate the remainder when v is divided by 30.
22
Let y(g) = 10*g**2 + 3*g - 2. Let c be y(1). Suppose -26*n = 14*n - 4480. Calculate the remainder when c/(44/n) + -5 is divided by 7.
2
Let c be (-6)/(-21)*(24 + (-9)/3). Suppose -3*t + c*t = 60. What is the remainder when 75 is divided by t?
15
Suppose q = 8, b - 4*q + 83 = 82. What is the remainder when 3253 is divided by b?
29
Let z(p) = p**2 + p - 6. Suppose -24*i + 36 = -3415 - 293. Calculate the remainder when i is divided by z(7).
6
Let z be (-18 - (-2 - (-1 + 2))) + 4. Let m(r) = 2*r**2 + 22*r + 14. Calculate the remainder when 52 is divided by m(z).
10
Let x = -8 + 12. Suppose y + 6 = -x*l, 3*l = -y + 6 - 9. Let r = y + 29. What is the remainder when r is divided by 19?
16
Suppose 3*l - 2*u - 3*u + 947 = 0, 1587 = -5*l + 4*u. Let n = l - -383. Calculate the remainder when 248 is divided by n.
56
Let l(i) = 106*i + 8. Suppose -1 = -r + 5*x, -4*r + 3*x + 9 = -2*r. What is the remainder when l(2) is divided by r?
4
Let t = -5498 - -5660. What is the remainder when t is divided by 26?
6
Suppose -53*o - 2000 = -103*o. Calculate the remainder when 233 is divided by o.
33
Let r(t) = 15*t - 7. Let o(b) = b**2 - 8*b + 16. Let q be o(5). Let m be r(q). What is the remainder when m*(-1 + -4 + 7) is divided by 5?
1
Suppose 0 = -2*r + 5*r - 9. Suppose p = -r*p. Suppose 5*u + 2*y - 170 = p, 34 = u + y + 2*y. Calculate the remainder when u is divided by 12.
10
Calculate the remainder when (-9434)/(-7) + 24/84 + 0 is divided by 54.
52
Let p(b) = b**3 - 2*b**2 + 17*b + 166. What is the remainder when p(10) is divided by 38?
34
Suppose -32 = 39*b - 43*b. Calculate the remainder when 96 is divided by b/14 + 6/126*93.
1
Let u(f) = -57*f + 2674. What is the remainder when 401 is divided by u(40)?
7
Suppose 31 + 13 = -11*z. Let q = 31 + -33. Calculate the remainder when 31/(q - 10/z) is divided by 13.
10
Suppose -3*h = 3*l + 3, -3*l - 15 = -96*h + 97*h. What is the remainder when 2808 is divided by h?
0
Suppose 5*q - 35 = 4*c + c, -6 = 2*q + 2*c. What is the remainder when 10 is divided by -2 + q + (-7 - -13)?
4
Let p = -4179 + 4440. What is the remainder when 620 is divided by p?
98
Let q be 154/11*-1 + -52. Let v be 0 - -2*158/4. Let k = v + q. What is the remainder when 51 is divided by k?
12
Suppose 39 = 5*t + 19. Suppose 2*d - 3*s = -2*s + 5, -4*d - t*s = -28. Suppose 5 = -2*f + 43. Calculate the remainder when f is divided by d.
3
Let d = 56 - 54. Calculate the remainder when 3 - -25 - 2/(-4)*d is divided by 11.
7
Let w = -9640 + 17629. Calculate the remainder when w is divided by 61.
59
Let d(v) = 4*v + 2. What is the remainder when 319 - (44 + 9 + -17) is divided by d(5)?
19
Let q(i) = -314*i**3 + 46*i**2 + 96*i + 1. Calculate the remainder when q(-2) is divided by 277.
12
Let n = -3 - 11. Calculate the remainder when 179*(6/4 - (-7)/n) is divided by 12.
11
Suppose 3031 = -6*g - 809. Let q = -560 - g. Calculate the remainder when q is divided by 22.
14
Suppose 9*j - 183 = 141. Let c(p) = -2*p - p + j + 0*p. Calculate the remainder when 43 is divided by c(9).
7
Suppose -4*m = -5*m + 48. Let l(i) = -11*i + 230. Let u be l(18). What is the remainder when 2*4/3*2220/u is divided by m?
41
Suppose 51*y = 3*y + 3696. Let x = -1 - -3. Suppose -x*n + 5*f = 2*n - y, f = -3*n + 72. Calculate the remainder when n is divided by 8.
7
Let x = 13843 + -13726. What is the remainder when 1056 is divided by x?
3
Let y = -10 + 11. Calculate the remainder when (-175 - y)/(-4)*1 is divided by (-9)/(-2)*(217/21 + -7).
14
Let u = 13 - 16. Suppose 5*r - 156 = -81. What is the remainder when (14 + u)/((-3)/(-12)) is divided by r?
14
Suppose 0 = 5*j - b - 189, -5*j + 169 = 8*b - 4*b. What is the remainder when j is divided by 24?
13
Let q = -9405 + 11104. What is the remainder when q is divided by 74?
71
Suppose 0 = -f + 2 + 3. Let x be (16/(-4))/(-4)*f. Suppose 196 = x*z - z. What is the remainder when z is divided by 10?
9
Suppose 65 = r + 24. What is the remainder when r is divided by (-4)/(72/45)*8/(-10)?
1
Let v(f) = f**3 - 8*f**2 + 18*f - 4. Let u be v(6). Let m = u + -19. Let j(p) = -2*p**2 + 27*p - 3. What is the remainde